). What is the greatest common factor of f and 4?
4
Let t(u) = u + 4. Let x be t(-2). Suppose -176 = -3*y - 4*n, -3*n = -x*y + 4*y - 118. Calculate the greatest common factor of 8 and y.
8
Suppose 0 = -3*i - 2*i + 195. Suppose 3*f - i = -0*f. Suppose -f = -2*b + 53. What is the highest common factor of 22 and b?
11
Let b(t) = 2*t**3 + 3*t - t + t**2 - 1 + 5 - 3. Let j be b(4). What is the greatest common factor of 17 and j?
17
Suppose 3*n + 2 = 2*n. Let v = n + 3. Let g be (2 - -3)/(2 - v). Calculate the greatest common factor of 35 and g.
5
Let f(h) = h**3 - 11*h**2 + h - 9. Let s be f(11). Suppose s*z - 7*z = -875. Calculate the highest common divisor of 25 and z.
25
Let g be ((-252)/(-10))/(4 + (-58)/15). What is the highest common divisor of g and 21?
21
Let v(h) = 4*h - 1. Let l be v(1). Suppose 2*r = -2*q - 3*q - 21, 0 = -r + l*q - 5. Let p = -2 - r. Calculate the greatest common factor of 18 and p.
6
Let j = 558 + -257. Let i = j + -501. Let h = i - -288. What is the highest common divisor of h and 11?
11
Let x be (-4)/(-5)*35/14. What is the highest common factor of x and 4?
2
Suppose -5*r = -5*x - 270, 0 = -4*r + 3*x - 0*x + 218. What is the greatest common divisor of r and 84?
28
Let n(r) = -2*r**3 - r**2 + 1. Let j be (-4)/(-8)*(-4)/2. Let v be n(j). What is the highest common factor of 1 and v?
1
Suppose 0 = -o + 20 - 174. Let c = 231 + o. Let h(s) = s**3 - s**2 - 3*s + 2. Let l be h(3). Calculate the greatest common divisor of l and c.
11
Let w(h) = h + 19. Let t be w(-10). Calculate the greatest common divisor of 36 and t.
9
Let a(b) = 38*b - 2. Suppose 7 = 4*z - p, 0 = 4*z + 4*p + 4 + 4. Let m be a(z). What is the highest common factor of m and 4?
4
Let d(w) = 16*w**3. Let i be d(-1). Let a = i + 22. Let u(c) = c + 1. Let r be u(a). Calculate the highest common factor of 21 and r.
7
Let s(p) = p**3 + 13*p**2 + p + 13. Let u be s(-13). Suppose -3*l + 6*l + 9 = u, 5*k - 231 = 2*l. Calculate the greatest common divisor of 18 and k.
9
Suppose -2*n + 20 = 3*n. Suppose n*a - 303 = -0*a - o, 4*a + 4*o = 312. Calculate the greatest common factor of 30 and a.
15
Let j(k) = 5*k**2 + 7*k - 2. Let b be j(-5). Suppose 7*q = 5*q + 6. Let n = q - -5. Calculate the greatest common divisor of b and n.
8
Suppose -q + 5 = 3*p, 5*q + 3*p = -0*p - 23. Let s be (-14)/(-49) - 82/q. Calculate the highest common divisor of s and 12.
12
Let o(k) = k**3 + 5*k**2 - k + 6. Let b be o(-5). What is the greatest common factor of b and 77?
11
Let w be (-20 + 2)/((-3)/16). Let s = -42 + w. Suppose -8 = 2*d, 2*d + 84 = 5*b - 14. Calculate the greatest common factor of s and b.
18
Let m = -6 - -13. What is the highest common factor of 28 and m?
7
Suppose 0 = -5*p + 3*b + 62, -2*p + 24 = -2*b + b. What is the highest common factor of 10 and p?
10
Suppose -5 = -5*i + 5. Suppose 3*r - 14 = -i. Suppose -r*l = -5*l + 72. Calculate the highest common factor of l and 8.
8
Suppose b + 0 - 15 = 0. What is the highest common divisor of 165 and b?
15
Suppose -b = 2*b - 108. Suppose -b + 12 = 3*t. Let k = t - -16. What is the highest common divisor of 8 and k?
8
Let w(i) = -i + 14. Let x be w(11). What is the highest common divisor of 33 and x?
3
Let b(o) = -o**3 - 9*o**2 - 4*o - 15. Let z be b(-9). What is the greatest common divisor of 7 and z?
7
Let a = 3 - -21. What is the greatest common divisor of 24 and a?
24
Let a be ((-18)/(-8))/((-12)/(-128)). Suppose 0*h - y - 7 = -2*h, 4*h - y = 13. What is the greatest common factor of a and h?
3
Suppose -4*y = -2*y - 6. Suppose 3*s = 5*j - y*j + 8, 5*j - 3*s + 2 = 0. Suppose j*k - 18 = -k. Calculate the greatest common factor of 66 and k.
6
Suppose 20 = 2*k - 2*c, 5*c = -3*k + 2*c. Suppose -f = -k*f + 68. What is the highest common divisor of 119 and f?
17
Suppose -4*h + 203 = -149. Calculate the greatest common factor of 22 and h.
22
Let b = -8 + 34. Calculate the highest common factor of b and 104.
26
Let a be (-4)/(-6)*(1 - -2). Let t be a/(-8) - (-6)/(-8). Let q be 33*t/(-2 - -1). What is the highest common factor of q and 22?
11
Suppose i - 4*y + 7 = 0, -2*i - 2*i + 2*y + 14 = 0. What is the greatest common factor of 2 and i?
1
Let l be (4 - 4) + -1 + 13. Let m = 24 - l. Calculate the highest common divisor of m and 108.
12
Suppose 4*h = -5*n + 38 - 9, 0 = 3*h - 3. Let i(w) = 4*w + 3. Let b be i(3). Calculate the highest common factor of n and b.
5
Let n be ((-6)/(-7))/(21/98). What is the greatest common factor of n and 10?
2
Let j = 0 - -1. Suppose -9*g + 3*g + 6 = 0. Calculate the greatest common factor of g and j.
1
Let p be -3*((-12)/(-9))/(-1). Let z be (-32)/(-12)*(-6)/(-4). Suppose 4*k = -z + 148. What is the greatest common factor of p and k?
4
Let f = 15 + -11. Suppose -5*a = -f*a - 27. Suppose -2*p = -a - 17. Calculate the highest common divisor of p and 11.
11
Let s be ((-12)/4)/((-1)/39). What is the greatest common factor of s and 13?
13
Suppose m - 2 = -2*q, 5*m = q - 3*q + 18. Suppose -2*s - s + 4*d = -76, m*d = s - 36. What is the greatest common divisor of s and 8?
4
Let d = -87 + 97. What is the greatest common divisor of d and 20?
10
Suppose k - 5*o = 91, -k + 188 = 2*k + 2*o. Suppose 4*y = -3*h - 78, -h - k = 4*y - 4*h. Let n be y/(-4)*48/9. Calculate the greatest common divisor of 6 and n.
6
Let y be (-50)/(-15)*(-6)/(-5). Suppose -t + 6*c + 19 = c, 0 = 4*t - y*c - 124. Let k = 10 + t. Calculate the greatest common divisor of k and 22.
22
Let y(d) = 8*d**2 - d - 1. Let m be y(-2). Let p be (-2)/(-10) - 56/(-20). Calculate the greatest common divisor of m and p.
3
Let i(t) = 9*t**2 - t + 1. Let m be i(1). Let a be 8/28 - 52/(-14). Let l be 11 + a*3/(-6). Calculate the highest common factor of m and l.
9
Suppose -3*p + 2 + 13 = -4*k, -2*p = -2. Let s be -24*((-9)/(-6))/k. Calculate the greatest common factor of s and 30.
6
Suppose -4*k + 4 = -2*n - 6*k, 0 = 2*k - 4. Let z(l) = 2*l**2 + 4*l - 2. Let o be z(n). What is the highest common divisor of 154 and o?
14
Suppose -4*v + 17 = 5*q - 68, -2*q + 5*v + 34 = 0. Suppose -q = -z - 1. Calculate the greatest common divisor of z and 40.
8
Let j be (3 - 212/(-4))/2. What is the greatest common factor of j and 7?
7
Suppose 4*j = -1 + 21. Calculate the greatest common divisor of 20 and j.
5
Let m = 25 + 13. What is the greatest common divisor of 152 and m?
38
Let g = -9 + 18. What is the greatest common factor of g and 9?
9
Suppose -6*o + o = -5*y + 10, 0 = -4*y + o + 11. Let p = 0 + y. Calculate the highest common factor of p and 3.
3
Let c be 90/20 - (-3)/(-2). Suppose 2*o = 5*n - 111, -n - o - 108 = -6*n. What is the greatest common factor of c and n?
3
Suppose w - 50 = -4*w. Calculate the highest common factor of 10 and w.
10
Let r be (-1)/3 - (-111)/9. Let b = 121 - 37. What is the highest common divisor of b and r?
12
Let d be 38*((-8)/(-4))/4. Calculate the greatest common divisor of 38 and d.
19
Let h = -142 - -215. Let u = 7 + h. Calculate the greatest common divisor of 16 and u.
16
Let o be (-8)/(-52) + (-150)/(-39). Calculate the highest common divisor of o and 4.
4
Suppose -5*k = 2*b - 204 + 50, -b = 2*k - 77. What is the highest common factor of 33 and b?
11
Let s(u) = -u**3 - 10*u**2 + u - 5. Let d be s(-11). Let b be 3 + (39 - 0/(-1)). What is the greatest common factor of d and b?
21
Let v(k) = -k**2 + 16*k - 3. Let w be v(15). Let h = -3 + 33. What is the greatest common divisor of w and h?
6
Suppose 9 = -4*n + n. Let t = n + 7. Suppose 5*p + 23 = 3*g, 0 = -t*g + 2*g - 5*p + 32. What is the greatest common divisor of g and 44?
11
Let y(u) = 46*u - 1. Let v be y(1). Suppose -2*a + a + v = 0. What is the highest common divisor of a and 18?
9
Let a(h) = h**2 - 10. Let v be a(-4). Let f be (-10)/(((-2)/(-1))/(-6)). What is the highest common factor of f and v?
6
Let m(n) = -n**3 + 2*n**2 + n + 11. Let d be m(0). Calculate the highest common factor of 121 and d.
11
Suppose 0 = 26*n - 23*n - 84. What is the greatest common factor of 4 and n?
4
Suppose -4 = -7*w + 115. What is the highest common divisor of 136 and w?
17
Let n be ((55*2)/2)/(7/21). What is the greatest common factor of 33 and n?
33
Let d = 59 + -53. Calculate the greatest common factor of d and 30.
6
Let r be 1*-3 + -3 + 9. Suppose 0*d = -3*d + r, -5*x = -4*d - 26. What is the great